 400 a multiple of 2?
True
Does 14 divide 97225?
False
Is 19981 a multiple of 19?
False
Is 124898 a multiple of 92?
False
Is 1265 a multiple of 3?
False
Is 633 a multiple of 16?
False
Does 11 divide 5819?
True
Is 13746 a multiple of 31?
False
Is 24570 a multiple of 18?
True
Does 8 divide 4328?
True
Is 7 a multiple of 7?
True
Does 12 divide 10572?
True
Is 12 a factor of 144?
True
Is 1144 a multiple of 13?
True
Does 2 divide 214?
True
Is 7 a factor of 203?
True
Is 1056 a multiple of 66?
True
Does 19 divide 646?
True
Is 37 a factor of 14393?
True
Is 136 a factor of 11497?
False
Does 78 divide 6080?
False
Does 15 divide 345?
True
Is 12 a factor of 671?
False
Does 23 divide 4014?
False
Is 8 a factor of 113?
False
Does 14 divide 1610?
True
Is 40670 a multiple of 14?
True
Does 23 divide 2087?
False
Does 49 divide 6370?
True
Does 73 divide 9636?
True
Does 27 divide 1232?
False
Does 114 divide 62443?
False
Is 11418 a multiple of 66?
True
Is 286 a factor of 20020?
True
Is 12 a factor of 1426?
False
Does 78 divide 109590?
True
Is 9630 a multiple of 9?
True
Does 23 divide 134?
False
Is 58 a factor of 754?
True
Is 299 a multiple of 13?
True
Is 2001 a multiple of 23?
True
Is 120090 a multiple of 212?
False
Is 9 a factor of 342?
True
Is 930 a multiple of 17?
False
Is 50 a factor of 6395?
False
Does 15 divide 146295?
True
Is 10779 a multiple of 126?
False
Is 2520 a multiple of 24?
True
Is 27 a factor of 297?
True
Is 34 a multiple of 34?
True
Is 96 a factor of 9792?
True
Does 24 divide 864?
True
Is 43140 a multiple of 12?
True
Does 46 divide 2392?
True
Does 22 divide 858?
True
Is 5819 a multiple of 19?
False
Is 1001 a multiple of 21?
False
Is 12 a factor of 57084?
True
Is 10 a factor of 300?
True
Is 5103 a multiple of 31?
False
Is 253 a multiple of 9?
False
Is 1290 a multiple of 27?
False
Is 4945 a multiple of 115?
True
Is 98912 a multiple of 176?
True
Is 12712 a multiple of 28?
True
Is 3825 a multiple of 5?
True
Is 3 a factor of 2097?
True
Is 5753 a multiple of 43?
False
Does 6 divide 324?
True
Is 7181 a multiple of 4?
False
Does 4 divide 953?
False
Is 6322 a multiple of 58?
True
Does 146 divide 16644?
True
Is 197 a multiple of 2?
False
Is 19453 a multiple of 51?
False
Is 15 a factor of 3375?
True
Does 6 divide 786?
True
Is 222 a multiple of 10?
False
Does 8 divide 744?
True
Is 12 a factor of 865?
False
Does 40 divide 107447?
False
Is 10 a factor of 280?
True
Is 3 a factor of 6157?
False
Is 100019 a multiple of 182?
False
Is 1751 a multiple of 53?
False
Is 22560 a multiple of 188?
True
Does 3 divide 1337?
False
Is 26 a factor of 13304?
False
Does 105 divide 31815?
True
Is 232 a multiple of 11?
False
Is 67 a factor of 67?
True
Does 194 divide 44019?
False
Does 19 divide 2394?
True
Does 25 divide 2450?
True
Does 32 divide 1116?
False
Is 495 a multiple of 33?
True
Is 8 a factor of 1453?
False
Is 25 a factor of 448?
False
Is 2830 a multiple of 7?
False
Is 10 a factor of 121?
False
Does 20 divide 1600?
True
Is 30553 a multiple of 30?
False
Is 99 a factor of 1613?
False
Is 36 a multiple of 32?
False
Is 35 a factor of 2029?
False
Is 5 a factor of 4005?
True
Is 573 a multiple of 58?
False
Is 13 a factor of 481?
True
Is 29 a factor of 48836?
True
Is 1365 a multiple of 3?
True
Is 743 a multiple of 31?
False
Does 108 divide 2658?
False
Is 14 a factor of 1229?
False
Is 811 a multiple of 54?
False
Does 57 divide 12483?
True
Is 33 a factor of 100751?
False
Does 19 divide 6916?
True
Is 167 a factor of 2825?
False
Is 1935 a multiple of 45?
True
Does 30 divide 1920?
True
Is 13957 a multiple of 17?
True
Is 49 a factor of 12103?
True
Does 238 divide 10948?
True
Is 432 a multiple of 6?
True
Is 13 a factor of 611?
True
Is 103 a factor of 7599?
False
Is 551 a multiple of 26?
False
Is 33 a factor of 1492?
False
Does 31 divide 6229?
False
Is 34 a factor of 1024?
False
Is 16680 a multiple of 8?
True
Is 92 a factor of 2668?
True
Is 327 a multiple of 29?
False
Does 17 divide 2257?
False
Does 26 divide 19812?
True
Does 12 divide 28740?
True
Does 4 divide 68?
True
Is 26 a factor of 260?
True
Does 10 divide 72403?
False
Is 13825 a multiple of 175?
True
Is 23 a factor of 3403?
False
Is 183 a factor of 61305?
True
Is 51 a factor of 21471?
True
Is 15 a factor of 265?
False
Is 3 a factor of 91?
False
Does 22 divide 23936?
True
Does 8 divide 16?
True
Is 51 a factor of 42016?
False
Is 68 a multiple of 17?
True
Is 1995 a multiple of 19?
True
Is 4 a factor of 577?
False
Is 20 a factor of 200?
True
Does 2 divide 21?
False
Is 430 a multiple of 7?
False
Does 8 divide 5355?
False
Is 34 a factor of 137917?
False
Is 74 a factor of 828?
False
Is 10824 a multiple of 22?
True
Is 45 a factor of 7756?
False
Is 27 a factor of 3658?
False
Does 22 divide 3410?
True
Is 10 a factor of 20?
True
Is 13 a factor of 55432?
True
Is 21252 a multiple of 276?
True
Is 160 a multiple of 16?
True
Does 4 divide 2352?
True
Is 4926 a multiple of 15?
False
Is 102 a factor of 102?
True
Is 132 a factor of 3855?
False
Is 4578 a multiple of 42?
True
Is 152 a multiple of 17?
False
Is 3901 a multiple of 20?
False
Is 80915 a multiple of 18?
False
Does 22 divide 2647?
False
Is 80 a factor of 52400?
True
Is 39112 a multiple of 56?
False
Is 75 a factor of 525?
True
Is 20 a factor of 3160?
True
Is 32 a multiple of 18?
False
Is 15 a factor of 1655?
False
Is 86 even?
True
Is 3 a factor of 1662?
True
Is 1323 a multiple of 52?
False
Does 8 divide 1950?
False
Is 133 a factor of 6196?
False
Does 14 divide 8540?
True
Does 31 divide 1558?
False
Is 339 a factor of 97632?
True
Does 65 divide 7150?
True
Does 8 divide 12721?
False
Is 39 a factor of 1388?
False
Does 25 divide 1130?
False
Is 25 a factor of 1400?
True
Does 56 divide 79125?
False
Does 22 divide 4444?
True
Does 51 divide 14933?
False
Does 13 divide 2041?
True
Is 40 even?
True
Is 1560 a multiple of 78?
True
Does 62 divide 1355?
False
Is 68554 a multiple of 19?
False
Is 1769 a multiple of 4?
False
Does 21 divide 5628?
True
Does 106 divide 11236?
True
Is 735 a multiple of 21?
True
Is 8736 a multiple of 132?
False
Is 2 a factor of 167?
False
Is 7 a factor of 16250?
False
Does 18 divide 1242?
True
Is 3265 a multiple of 18?
False
Does 10 divide 992?
False
Is 12971 a multiple of 10?
False
Does 28 divide 840?
True
Is 122 a factor of 2928?
True
Is 2 a factor of 462?
True
Is 160 a factor of 7667?
False
Does 24 divide 4584?
True
Does 2 divide 160?
True
Is 48 a factor of 13008?
True
Is 6 a factor of 67?
False
Is 90830 a multiple of 310?
True
Is 59 a factor of 40588?
False
Does 41 divide 284?
False
Does 15 divide 35895?
True
Is 702 a multiple of 39?
True
Is 55 a factor of 1640?
False
Does 28 divide 4088?
True
Is 157 a multiple of 14?
False
Does 57 divide 1110?
False
Is 17338 a multiple of 24?
False
Is 794 a multiple of 47?
False
Is 14 a factor of 38906?
True
Is 19476 a multiple of 9?
True
Is 41 a factor of 1886?
True
Is 23 a factor of 6785?
True
Does 53 divide 28942?
False
Is 102 a factor of 2346?
True
Is 45 a factor of 2070?
True
Is 2706 a multiple of 6?
True
Does 42 divide 51198?
True
Is 26370 a multiple of 16?
False
Does 62 divide 1080?
False
Is 1596 a multiple of 59?
False
Is 28423 a multiple of 139?
False
Is 8249 a multiple of 20?
False
Does 4 divide 16?
True
Is 8126 a multiple of 74?
False
Is 10 a factor of 5890?
True
Does 15 divide 52365?
True
Does 5 divide 419?
False
Is 104 a factor of 14710?
False
Does 21 divide 2205?
True
Does 130 divide 1040?
True
Is 490 a multiple of 14?
True
Is 262 a multiple of 23?
False
Does 13 divide 156?
True
Is 13 a factor of 8134?
False
Does 44 divide 52?
False
Is 13 a factor of 52?
True
Is 11 a factor of 18381?
True
Does 36 divide 8064?
True
Is 1626 a multiple of 20?
False
Is 462 a multiple of 14?
True
Is 10 a factor of 80?
True
Is 27 a factor of 8551?
False
Is 6 a factor of 1164?
True
Is 228 a multiple of 114?
True
Does 10 divide 45300?
True
Does 16 divide 18?
False
Is 72 a factor of 12812?
False
Is 17 a factor of 2397?
True
Does 219 divide 30144?
False
Is 30 a factor of 1212?
False
Does 57 divide 849?
False
Is 5195 a multiple of 150?
False
Does 9 divide 14701?
False
Does 6 divide 16974?
True
Does 5 divide 1774?
False
Does 14 divide 1424?
False
Does 9 divide 22094?
False
Is 64 a factor of 4053?
False
Is 29 a factor of 6776?
False
Is 17 a factor of 13073?
True